{"id":5,"date":"2015-02-13T17:36:46","date_gmt":"2015-02-13T16:36:46","guid":{"rendered":"http:\/\/www.xn--360grad-rundgnge-7nb.de\/business-view\/?page_id=5"},"modified":"2015-02-13T21:30:24","modified_gmt":"2015-02-13T20:30:24","slug":"impressum","status":"publish","type":"page","link":"https:\/\/www.xn--360grad-rundgnge-7nb.de\/business-view\/impressum\/","title":{"rendered":"Impressum"},"content":{"rendered":"<p>Fotostudio Ender<br \/>\nInhaber: \u00a0Fotografenmeister Berthold Ender<br \/>\nSchlossstra\u00dfe 37<br \/>\n06785 Oranienbaum<br \/>\nTel: +49 (0) 34904 20243<br \/>\nwww.fotoender.de<br \/>\ninfo@fotostudio-ender.de<br \/>\nSteuer-Nr: 114 216 00440<br \/>\nUST-ID: DE 139 837 611<\/p>\n<p>Dienstanbieter<br \/>\nDienstanbieter ist das Fotostudio Ender. Adresse siehe oben. Die Inhalte unserer Seiten wurden mit gr\u00f6\u00dfter Sorgfalt erstellt. F\u00fcr die Richtigkeit, Vollst\u00e4ndigkeit und Aktualit\u00e4t der Inhalte k\u00f6nnen wir jedoch keine Gew\u00e4hr \u00fcbernehmen.<br \/>\nAls Diensteanbieter sind wir gem\u00e4\u00df \u00a7 7 Abs.1 TMG f\u00fcr eigene Inhalte auf diesen Seiten nach den allgemeinen Gesetzen verantwortlich. Nach \u00a7\u00a7 8 bis 10 TMG sind wir als Diensteanbieter jedoch nicht verpflichtet, \u00fcbermittelte oder gespeicherte fremde Informationen zu \u00fcberwachen oder nach Umst\u00e4nden zu forschen, die auf eine rechtswidrige T\u00e4tigkeit hinweisen. Verpflichtungen zur Entfernung oder Sperrung der Nutzung von Informationen nach den allgemeinen Gesetzen bleiben hiervon unber\u00fchrt. Eine diesbez\u00fcgliche Haftung ist jedoch erst ab dem Zeitpunkt der Kenntnis einer konkreten Rechtsverletzung m\u00f6glich. Bei bekannt werden von entsprechenden Rechtsverletzungen werden wir diese Inhalte umgehend entfernen.<br \/>\nHaftung f\u00fcr Links<br \/>\nUnser Angebot enth\u00e4lt Links zu externen Webseiten Dritter, auf deren Inhalte wir keinen Einfluss haben. Deshalb k\u00f6nnen wir f\u00fcr diese fremden Inhalte auch keine Gew\u00e4hr \u00fcbernehmen. F\u00fcr die Inhalte der verlinkten Seiten ist stets der jeweilige Anbieter oder Betreiber der Seiten verantwortlich. Die verlinkten Seiten wurden zum Zeitpunkt der Verlinkung auf m\u00f6gliche Rechtsverst\u00f6\u00dfe \u00fcberpr\u00fcft. Rechtswidrige Inhalte waren zum Zeitpunkt der Verlinkung nicht erkennbar. Eine permanente inhaltliche Kontrolle der verlinkten Seiten ist jedoch ohne konkrete Anhaltspunkte einer Rechtsverletzung nicht zumutbar. Bei bekannt werden von Rechtsverletzungen werden wir derartige Links umgehend entfernen.<br \/>\nUrheberrecht<br \/>\nDie durch die Seitenbetreiber erstellten Inhalte und Werke auf diesen Seiten unterliegen dem deutschen Urheberrecht. Beitr\u00e4ge Dritter sind als solche gekennzeichnet. Die Vervielf\u00e4ltigung, Bearbeitung, Verbreitung und jede Art der Verwertung au\u00dferhalb der Grenzen des Urheberrechtes bed\u00fcrfen der schriftlichen Zustimmung des jeweiligen Autors bzw. Erstellers. Downloads und Kopien dieser Seite sind nur f\u00fcr den privaten, nicht kommerziellen Gebrauch gestattet.<br \/>\nDie Betreiber der Seiten sind bem\u00fcht, stets die Urheberrechte anderer zu beachten bzw. auf selbst erstellte sowie lizenzfreie Werke zur\u00fcckzugreifen. Sollten Sie eine Urheberrechtsverletzung bemerken, teilen Sie uns dies bitte mit. Wir werden nach entsprechender Pr\u00fcfung solche Inhalte umgehend entfernen.<br \/>\nDatenschutz<br \/>\nSoweit auf unseren Seiten personenbezogene Daten (beispielsweise Name, Anschrift oder eMail-Adressen) erhoben werden, erfolgt dies soweit m\u00f6glich stets auf freiwilliger Basis. Die Nutzung der Angebote und Dienste ist, soweit m\u00f6glich, stets ohne Angabe personenbezogener Daten m\u00f6glich.<br \/>\nWir weisen darauf hin, dass die Daten\u00fcbertragung im Internet (z.B. bei der Kommunikation per E-Mail) Sicherheitsl\u00fccken aufweisen kann. Ein l\u00fcckenloser Schutz der Daten vor dem Zugriff durch Dritte ist nicht m\u00f6glich.<br \/>\nDer Nutzung von im Rahmen der Impressumspflicht ver\u00f6ffentlichten Kontaktdaten durch Dritte zur \u00dcbersendung von nicht ausdr\u00fccklich angeforderter Werbung und Informationsmaterialien wird hiermit ausdr\u00fccklich widersprochen. Die Betreiber der Seiten behalten sich ausdr\u00fccklich rechtliche Schritte im Falle der unverlangten Zusendung von Werbeinformationen, etwa durch Spam-Mails vor.<br \/>\n&amp;lt;div style=&#8220;text-align:left;<br \/>\nAllgemeine Gesch\u00e4ftsbedingungen \/ AGB des Fotografen-Handwerks (Bundesanzeiger Nr. 88 v. 15.05. 02 \u2013 Seite 10.436)<br \/>\nI. Allgemeines 1. Die nachfolgenden AGB gelten f\u00fcr alle dem Fotografen erteilten Auftr\u00e4ge. Sie gelten als vereinbart, wenn ihnen nicht umgehend widersprochen wird. 2. \u201eLichtbilder\u201c im Sinne dieser AGB sind alle vom Fotografen hergestellten Produkte, gleich in welcher technischen Form oder in welchem Medium sie erstellt wurden oder vorliegen. (Negative, Dia-Positive, Papierbilder, Still-Videos, elektronische Stehbilder in digitalisierter Form, Videos usw.)<br \/>\nII. Urheberrecht 1. Dem Fotografen steht das Urheberrecht an den Lichtbildern nach Massgabe des Urheberrechtsgesetzes zu. 2. Die vom Fotografen hergestellten Lichtbilder sind grunds\u00e4tzlich nur f\u00fcr den eigenen Gebrauch des Auftraggebers bestimmt. 3. \u00dcbertr\u00e4gt der Fotograf Nutzungsrechte an seinen Werken, ist &#8211; sofern nicht ausdr\u00fccklich etwas anderes vereinbart wurde &#8211; jeweils nur das einfache Nutzungsrecht \u00fcbertragen. Eine Weitergabe von Nutzungsrechten bedarf der besonderen Vereinbarung. 4. Die Nutzungsrechte gehen erst \u00fcber nach vollst\u00e4ndiger Bezahlung des Honorars an den Fotografen. 5. Der Besteller eines Bildes i.S. vom \u00a7 60 UrhG hat kein Recht, das Lichtbild zu vervielf\u00e4ltigen und zu verbreiten, wenn nicht die entsprechenden Nutzungsrechte \u00fcbertragen worden sind. \u00a7 60 UrhG wird ausdr\u00fccklich abbedungen. 6. Bei der Verwertung der Lichtbilder kann der Fotograf, sofern nichts anderes vereinbart wurde, verlangen, als Urheber des Lichtbildes genannt zu werden. Eine Verletzung des Rechts auf Namensnennung berechtigt den Fotografen zum Schadensersatz. 7. Die Negative verbleiben beim Fotografen. Eine Herausgabe der Negative an den Auftraggeber erfolgt nur bei gesonderter Vereinbarung.<br \/>\nIII. Verg\u00fctung, Eigentumsvorbehalt 1. F\u00fcr die Herstellung der Lichtbilder wird ein Honorar als Stundensatz, Tagessatz oder vereinbarte Pauschale zuz\u00fcglich der gesetzlichen Mehrwertsteuer berechnet; Nebenkosten (Reisekosten, Modellhonorare, Spesen, Requisiten, Labor- und Materialkosten, Studiomieten etc.) sind vom Auftraggeber zu tragen. Gegen\u00fcber Endverbrauchern weist der Fotograf die Endpreise inkl. Mehrwertsteuer aus. 2. F\u00e4llige Rechnungen sind innerhalb von 14 Tagen ohne Abzug zu zahlen. Der Auftraggeber ger\u00e4t in Verzug, wenn er f\u00e4llige Rechnungen nicht sp\u00e4testens 30 (in Worten: drei\u00dfig) Tage nach Zugang einer Rechnung oder gleichwertigen Zahlungsaufforderung begleicht. Dem Fotografen bleibt vorbehalten, den Verzug durch Erteilung einer nach F\u00e4lligkeit zugehenden Mahnung zu einem fr\u00fcheren Zeitpunkt herbeizuf\u00fchren. 3. Bis zur vollst\u00e4ndigen Bezahlung des Kaufpreises bleiben die gelieferten Lichtbilder Eigentum des Fotografen. 4. Hat der Auftraggeber dem Fotografen keine ausdr\u00fccklichen Weisungen hinsichtlich der Gestaltung der Lichtbilder gegeben, so sind Reklamationen bez\u00fcglich der Bildauffassung sowie der k\u00fcnstlerisch-technischen Gestaltung ausgeschlossen. W\u00fcnscht der Auftraggeber w\u00e4hrend oder nach der Aufnahmeproduktion \u00c4nderungen, so hat er die Mehrkosten zu tragen. Der Fotograf beh\u00e4lt den Verg\u00fctungs-Anspruch f\u00fcr bereits begonnene Arbeiten.<br \/>\nIV. Haftung 1. F\u00fcr die Verletzung von Pflichten, die nicht in unmittelbarem Zusammenhang mit wesentlichen Vertragspflichten stehen, haftet der Fotograf f\u00fcr sich und seine Erf\u00fcllungsgehilfen nur bei Vorsatz und grober Fahrl\u00e4ssigkeit. Er haftet ferner f\u00fcr Sch\u00e4den aus der Verletzung des Lebens, des K\u00f6rpers oder der Gesundheit sowie aus der Verletzung wesentlicher Vertragspflichten, die er oder seine Erf\u00fcllungsgehilfen durch schuldhafte Pflichtverletzungen herbeigef\u00fchrt haben. F\u00fcr Sch\u00e4den an Aufnahmeobjekten, Vorlagen, Filmen, Displays, Layouts, Negativen oder Daten haftet der Fotograf \u2013 wenn nichts anderes vereinbart wurde \u2013 nur bei Vorsatz und grober Fahrl\u00e4ssigkeit. 2 . Der Fotograf verwahrt die Negative sorgf\u00e4ltig. Er ist berechtigt, aber nicht verpflichtet, von ihm aufbewahrte Negative nach drei Jahren seit Beendigung des Auftrags zu vernichten. Vor der Vernichtung benachrichtigt er den Auftraggeber und bietet ihm<br \/>\ndie Negative zum Kauf an. 3. Der Fotograf haftet f\u00fcr Lichtbest\u00e4ndigkeit und Dauerhaftigkeit der Lichtbilder nur im Rahmen der Garantieleistungen der Hersteller des Fotomaterials. 4. Die Zusendung und R\u00fccksendung von Filmen, Bildern und Vorlagen erfolgt auf Kosten und Gefahr des Auftraggebers. Der Auftraggeber kann bestimmen, wie und durch wen die R\u00fccksendung erfolgt.<br \/>\nV. Nebenpflichten 1. Der Auftraggeber versichert, dass er an allen dem Fotografen \u00fcbergebenen Vorlagen das Vervielf\u00e4ltigungs- und Verbreitungsrecht sowie bei Personenbildnissen die Einwilligung der abgebildeten Personen zur Ver\u00f6ffentlichung, Vervielf\u00e4ltigung und Verbreitung besitzt. Ersatzanspr\u00fcche Dritter, die auf der Verletzung dieser Pflicht beruhen, tr\u00e4gt der Auftraggeber. 2. Der Auftraggeber verpflichtet sich, die Aufnahmeobjekte rechtzeitig zur Verf\u00fcgung zu stellen und unverz\u00fcglich nach der Aufnahme wieder abzuholen. Holt der Auftraggeber nach Auffor-derung die Aufnahmeobjekte nicht sp\u00e4testens nach zwei Werktagen ab, ist der Fotograf berechtigt, gegebenenfalls Lagerkosten zu berechnen oder bei Blockierung seiner Studior\u00e4ume die Gegenst\u00e4nde auf Kosten des Auftraggebers auszulagern. Transport- und Lagerkosten gehen zu Lasten des Auftraggebers.<br \/>\nVI. Leistungsst\u00f6rung, Ausfallhonorar 1. \u00dcberl\u00e4sst der Fotograf dem Auftraggeber mehrere Lichtbilder zur Auswahl, hat der Auftraggeber die nicht ausgew\u00e4hlten Lichtbilder innerhalb einer Woche nach Zugang &#8211; wenn keine l\u00e4ngere Zeit vereinbart wurde &#8211; auf eigene Kosten und Gefahr zur\u00fccksenden. F\u00fcr verlorene oder besch\u00e4digte Lichtbilder kann der Fotograf, sofern er den Verlust oder die Besch\u00e4digung nicht zu vertreten hat, Bezahlung verlangen. 2. \u00dcberl\u00e4sst der Fotograf dem Auftraggeber Bilder aus seinem Archiv, so hat der Auftraggeber die nicht ausgew\u00e4hlten Bilder innerhalb eines Monats nach Zugang beim Auftraggeber, die ausgew\u00e4hlten innerhalb eines Monats nach Verwendung zur\u00fcckzuschicken. Kommt der Auftraggeber mit der R\u00fccksendung in Verzug, kann der Fotograf eine Blockierungsgeb\u00fchr von 1 (in Worten: einem) Euro pro Tag und Bild verlangen, sofern nicht der Auftraggeber nachweist, dass ein Schaden nicht entstanden oder niedriger ist als die Schadenspauschale. Bei Verlust oder Besch\u00e4digung, die eine weitere Verwendung der Bilder ausschlie\u00dft, kann der Fotograf Schadenersatz verlangen. Der Schadenersatz betr\u00e4gt mindestens 1000 (in Worten: eintausend) Euro f\u00fcr jedes Original und 200 (in Worten: zweihundert) Euro f\u00fcr jedes Duplikat, sofern nicht der Auftraggeber nachweist, dass ein Schaden nicht entstanden oder niedriger ist als die Schadenspauschale. Die Geltendmachung eines h\u00f6heren Schadens bleibt dem Fotografen vorbehalten. 3. Wird die f\u00fcr die Durchf\u00fchrung des Auftrages vorgesehene Zeit aus Gr\u00fcnden, die der Fotograf nicht zu vertreten hat, wesentlich \u00fcberschritten, so erh\u00f6ht sich das Honorar des Fotografen, sofern ein Pauschalpreis vereinbart war, entsprechend. Ist ein Zeithonorar vereinbart, erh\u00e4lt der Fotograf auch f\u00fcr die Wartezeit den vereinbarten Stunden- oder Tagessatz, sofern nicht der Auftraggeber nachweist, dass dem Fotografen kein Schaden entstanden ist. Bei Vorsatz oder Fahrl\u00e4ssigkeit des Auftraggebers kann der Fotograf auch Schadensersatzanspr\u00fcche geltend machen. 4. Liefertermine f\u00fcr Lichtbilder sind nur dann verbindlich, wenn sie ausdr\u00fccklich vom Fotografen best\u00e4tigt worden sind. Der Fotograf haftet f\u00fcr Frist\u00fcberschreitung nur bei Vorsatz und grober Fahrl\u00e4ssigkeit.<br \/>\nVII. Datenschutz Zum Gesch\u00e4ftsverkehr erforderliche personenbezogene Daten des Auftraggebers k\u00f6nnen gespeichert werden. Der Fotograf verpflichtet sich, alle ihm im Rahmen des Auftrages bekannt gewordenen Informationen vertraulich zu behandeln.<br \/>\nVIII. Digitale Fotografie 1. Die Digitalisierung, Speicherung und Vervielf\u00e4ltigung der Lichtbilder des Fotografen auf Datentr\u00e4gern aller Art bedarf der vorherigen schriftlichen Zustimmung des Fotografen. 2. Die \u00dcbertragung von Nutzungsrechten beinhaltet nicht das Recht zur Speicherung und Vervielf\u00e4ltigung, wenn dieses Recht nicht ausdr\u00fccklich \u00fcbertragen wurde. IX. Bildbearbeitung<br \/>\n1. Die Bearbeitung von Lichtbildern des Fotografen und ihre Vervielf\u00e4ltigung und Verbreitung, analog oder digital, bedarf der vorherigen Zustimmung des Fotografen. Entsteht durch Foto-Composing, Montage oder sonstige elektronische Manipulation ein neues Werk, ist dieses mit [M] zu kennzeichnen. Die Urheber der verwendeten Werke und der Urheber des neuen Werkes sind Miturheber im Sinne des \u00a78UrhG. 2. Der Auftraggeber ist verpflichtet, Lichtbilder des Fotografen digital so zu speichern und zu kopieren, dass der Name des Fotografen mit den Bilddaten elektronisch verkn\u00fcpft wird. 3. Der Auftraggeber ist verpflichtet, diese elektronische Verkn\u00fcpfung so vorzunehmen, dass sie bei jeder Art von Daten\u00fcbertragung, bei jeder Wiedergabe auf Bildschirmen, bei allen Arten von Projektionen, insbesondere bei jeder \u00f6ffentlichen Wiedergabe, erhalten bleibt und der Fotograf als Urheber der Bilder klar und eindeutig identifizierbar ist. 4. Der Auftraggeber versichert, dass er dazu berechtigt ist, den Fotografen mit der elektronischen Bearbeitung fremder Lichtbilder zu beauftragen, wenn er einen solchen Auftrag erteilt. Er stellt den Fotografen von allen Anspr\u00fcchen Dritter frei, die auf der Verletzung dieser Pflicht beruhen.<br \/>\nX. Nutzung und Verbreitung 1. Die Verbreitung von Lichtbildern des Fotografen im Internet und in Intranets, in Online-Datenbanken, in elektronischen Archiven, die nicht nur f\u00fcr den internen Gebrauch des Auftraggebers bestimmt sind, auf Diskette, CD-ROM oder \u00e4hnlichen Datentr\u00e4gern ist nur aufgrund einer besonderen Vereinbarung zwischen dem Fotografen und dem Auftraggeber gestattet. 2. Die Weitergabe digitalisierter Lichtbilder im Internet und in Intranets und auf Datentr\u00e4gern und Ger\u00e4ten, die zur \u00f6ffentlichen Wiedergabe auf Bildschirmen oder zur Herstellung von Soft- und Hardcopies geeignet sind, bedarf der vorherigen schriftlichen Zustimmung des Fotografen. 3. Die Vervielf\u00e4ltigung und Verbreitung von Bearbeitungen, die der Fotograf auf elektronischem Wege hergestellt hat, bed\u00fcrfen der vorherigen schriftlichen Zustimmung des Fotografen. 4. Der Fotograf ist nicht verpflichtet, Datentr\u00e4ger, Dateien und Daten an den Auftraggeber herauszugeben, wenn dies nicht ausdr\u00fccklich schriftlich vereinbart wurde. 5. W\u00fcnscht der Auftraggeber, dass der Fotograf ihm Datentr\u00e4ger, Dateien und Daten zur Verf\u00fcgung stellt, ist dies zu vereinbaren und gesondert zu verg\u00fcten. 6. Hat der Fotograf dem Auftraggeber Datentr\u00e4ger, Dateien und Daten zur Verf\u00fcgung gestellt, d\u00fcrfen diese nur mit vorheriger Einwilligung des Fotografen ver\u00e4ndert werden. 7. Gefahr und Kosten des Transports von Datentr\u00e4gern, Dateien und Daten online und offline liegen beim Auftraggeber; die Art und Weise der \u00dcbermittlung kann der Auftragnehmer bestimmen.<br \/>\nXI. Schlussbestimmungen Erf\u00fcllungsort f\u00fcr alle Verpflichtungen aus dem Vertragsverh\u00e4ltnis ist der Sitz des Fotografen, wenn der Vertragspartner nicht Verbraucher ist. Sind beide Vertragsparteien Kaufleute, juristische Personen des \u00f6ffentlichen Rechts oder ein \u00f6ffentlich rechtliches Sonderverm\u00f6gen, so ist der Gesch\u00e4ftssitz des Fotografen als Gerichtsstand vereinbart<\/p>\n","protected":false},"excerpt":{"rendered":"<p>Fotostudio Ender Inhaber: \u00a0Fotografenmeister Berthold Ender Schlossstra\u00dfe 37 06785 Oranienbaum Tel: +49 (0) 34904 20243 www.fotoender.de info@fotostudio-ender.de Steuer-Nr: 114 216 00440 UST-ID: DE 139 837 611 Dienstanbieter Dienstanbieter ist das Fotostudio Ender. Adresse siehe oben. Die Inhalte unserer Seiten wurden mit gr\u00f6\u00dfter Sorgfalt erstellt. F\u00fcr die Richtigkeit, Vollst\u00e4ndigkeit und Aktualit\u00e4t \u2026 <a class=\"continue-reading-link\" href=\"https:\/\/www.xn--360grad-rundgnge-7nb.de\/business-view\/impressum\/\"> Continue reading<\/a><\/p>\n","protected":false},"author":1,"featured_media":0,"parent":0,"menu_order":0,"comment_status":"open","ping_status":"open","template":"","meta":[],"yoast_head":"<!-- This site is optimized with the Yoast SEO plugin v20.1 - https:\/\/yoast.com\/wordpress\/plugins\/seo\/ -->\n<title>Impressum - Fotostudio-Ender Oranienbaum-W\u00f6rlitz<\/title>\n<meta name=\"robots\" content=\"index, follow, max-snippet:-1, max-image-preview:large, max-video-preview:-1\" \/>\n<link rel=\"canonical\" href=\"https:\/\/www.xn--360grad-rundgnge-7nb.de\/business-view\/impressum\/\" \/>\n<meta property=\"og:locale\" content=\"de_DE\" \/>\n<meta property=\"og:type\" content=\"article\" \/>\n<meta property=\"og:title\" content=\"Impressum - Fotostudio-Ender Oranienbaum-W\u00f6rlitz\" \/>\n<meta property=\"og:description\" content=\"Fotostudio Ender Inhaber: \u00a0Fotografenmeister Berthold Ender Schlossstra\u00dfe 37 06785 Oranienbaum Tel: +49 (0) 34904 20243 www.fotoender.de info@fotostudio-ender.de Steuer-Nr: 114 216 00440 UST-ID: DE 139 837 611 Dienstanbieter Dienstanbieter ist das Fotostudio Ender. Adresse siehe oben. Die Inhalte unserer Seiten wurden mit gr\u00f6\u00dfter Sorgfalt erstellt. F\u00fcr die Richtigkeit, Vollst\u00e4ndigkeit und Aktualit\u00e4t \u2026 Continue reading\" \/>\n<meta property=\"og:url\" content=\"https:\/\/www.xn--360grad-rundgnge-7nb.de\/business-view\/impressum\/\" \/>\n<meta property=\"og:site_name\" content=\"Fotostudio-Ender Oranienbaum-W\u00f6rlitz\" \/>\n<meta property=\"article:publisher\" content=\"https:\/\/www.facebook.com\/Fotostudio-Ender-102313379966715\/\" \/>\n<meta property=\"article:modified_time\" content=\"2015-02-13T20:30:24+00:00\" \/>\n<meta name=\"twitter:card\" content=\"summary_large_image\" \/>\n<meta name=\"twitter:label1\" content=\"Gesch\u00e4tzte Lesezeit\" \/>\n\t<meta name=\"twitter:data1\" content=\"10\u00a0Minuten\" \/>\n<script type=\"application\/ld+json\" class=\"yoast-schema-graph\">{\"@context\":\"https:\/\/schema.org\",\"@graph\":[{\"@type\":\"WebPage\",\"@id\":\"https:\/\/www.xn--360grad-rundgnge-7nb.de\/business-view\/impressum\/\",\"url\":\"https:\/\/www.xn--360grad-rundgnge-7nb.de\/business-view\/impressum\/\",\"name\":\"Impressum - Fotostudio-Ender Oranienbaum-W\u00f6rlitz\",\"isPartOf\":{\"@id\":\"https:\/\/www.xn--360grad-rundgnge-7nb.de\/business-view\/#website\"},\"datePublished\":\"2015-02-13T16:36:46+00:00\",\"dateModified\":\"2015-02-13T20:30:24+00:00\",\"breadcrumb\":{\"@id\":\"https:\/\/www.xn--360grad-rundgnge-7nb.de\/business-view\/impressum\/#breadcrumb\"},\"inLanguage\":\"de\",\"potentialAction\":[{\"@type\":\"ReadAction\",\"target\":[\"https:\/\/www.xn--360grad-rundgnge-7nb.de\/business-view\/impressum\/\"]}]},{\"@type\":\"BreadcrumbList\",\"@id\":\"https:\/\/www.xn--360grad-rundgnge-7nb.de\/business-view\/impressum\/#breadcrumb\",\"itemListElement\":[{\"@type\":\"ListItem\",\"position\":1,\"name\":\"Startseite\",\"item\":\"https:\/\/www.xn--360grad-rundgnge-7nb.de\/business-view\/\"},{\"@type\":\"ListItem\",\"position\":2,\"name\":\"Impressum\"}]},{\"@type\":\"WebSite\",\"@id\":\"https:\/\/www.xn--360grad-rundgnge-7nb.de\/business-view\/#website\",\"url\":\"https:\/\/www.xn--360grad-rundgnge-7nb.de\/business-view\/\",\"name\":\"Fotostudio-Ender Oranienbaum-W\u00f6rlitz\",\"description\":\"Berthold Ender - zertifizierter  Google Street View|Trusted  Fotograf\",\"potentialAction\":[{\"@type\":\"SearchAction\",\"target\":{\"@type\":\"EntryPoint\",\"urlTemplate\":\"https:\/\/www.xn--360grad-rundgnge-7nb.de\/business-view\/?s={search_term_string}\"},\"query-input\":\"required name=search_term_string\"}],\"inLanguage\":\"de\"}]}<\/script>\n<!-- \/ Yoast SEO plugin. -->","yoast_head_json":{"title":"Impressum - Fotostudio-Ender Oranienbaum-W\u00f6rlitz","robots":{"index":"index","follow":"follow","max-snippet":"max-snippet:-1","max-image-preview":"max-image-preview:large","max-video-preview":"max-video-preview:-1"},"canonical":"https:\/\/www.xn--360grad-rundgnge-7nb.de\/business-view\/impressum\/","og_locale":"de_DE","og_type":"article","og_title":"Impressum - Fotostudio-Ender Oranienbaum-W\u00f6rlitz","og_description":"Fotostudio Ender Inhaber: \u00a0Fotografenmeister Berthold Ender Schlossstra\u00dfe 37 06785 Oranienbaum Tel: +49 (0) 34904 20243 www.fotoender.de info@fotostudio-ender.de Steuer-Nr: 114 216 00440 UST-ID: DE 139 837 611 Dienstanbieter Dienstanbieter ist das Fotostudio Ender. Adresse siehe oben. Die Inhalte unserer Seiten wurden mit gr\u00f6\u00dfter Sorgfalt erstellt. F\u00fcr die Richtigkeit, Vollst\u00e4ndigkeit und Aktualit\u00e4t \u2026 Continue reading","og_url":"https:\/\/www.xn--360grad-rundgnge-7nb.de\/business-view\/impressum\/","og_site_name":"Fotostudio-Ender Oranienbaum-W\u00f6rlitz","article_publisher":"https:\/\/www.facebook.com\/Fotostudio-Ender-102313379966715\/","article_modified_time":"2015-02-13T20:30:24+00:00","twitter_card":"summary_large_image","twitter_misc":{"Gesch\u00e4tzte Lesezeit":"10\u00a0Minuten"},"schema":{"@context":"https:\/\/schema.org","@graph":[{"@type":"WebPage","@id":"https:\/\/www.xn--360grad-rundgnge-7nb.de\/business-view\/impressum\/","url":"https:\/\/www.xn--360grad-rundgnge-7nb.de\/business-view\/impressum\/","name":"Impressum - Fotostudio-Ender Oranienbaum-W\u00f6rlitz","isPartOf":{"@id":"https:\/\/www.xn--360grad-rundgnge-7nb.de\/business-view\/#website"},"datePublished":"2015-02-13T16:36:46+00:00","dateModified":"2015-02-13T20:30:24+00:00","breadcrumb":{"@id":"https:\/\/www.xn--360grad-rundgnge-7nb.de\/business-view\/impressum\/#breadcrumb"},"inLanguage":"de","potentialAction":[{"@type":"ReadAction","target":["https:\/\/www.xn--360grad-rundgnge-7nb.de\/business-view\/impressum\/"]}]},{"@type":"BreadcrumbList","@id":"https:\/\/www.xn--360grad-rundgnge-7nb.de\/business-view\/impressum\/#breadcrumb","itemListElement":[{"@type":"ListItem","position":1,"name":"Startseite","item":"https:\/\/www.xn--360grad-rundgnge-7nb.de\/business-view\/"},{"@type":"ListItem","position":2,"name":"Impressum"}]},{"@type":"WebSite","@id":"https:\/\/www.xn--360grad-rundgnge-7nb.de\/business-view\/#website","url":"https:\/\/www.xn--360grad-rundgnge-7nb.de\/business-view\/","name":"Fotostudio-Ender Oranienbaum-W\u00f6rlitz","description":"Berthold Ender - zertifizierter  Google Street View|Trusted  Fotograf","potentialAction":[{"@type":"SearchAction","target":{"@type":"EntryPoint","urlTemplate":"https:\/\/www.xn--360grad-rundgnge-7nb.de\/business-view\/?s={search_term_string}"},"query-input":"required name=search_term_string"}],"inLanguage":"de"}]}},"_links":{"self":[{"href":"https:\/\/www.xn--360grad-rundgnge-7nb.de\/business-view\/wp-json\/wp\/v2\/pages\/5"}],"collection":[{"href":"https:\/\/www.xn--360grad-rundgnge-7nb.de\/business-view\/wp-json\/wp\/v2\/pages"}],"about":[{"href":"https:\/\/www.xn--360grad-rundgnge-7nb.de\/business-view\/wp-json\/wp\/v2\/types\/page"}],"author":[{"embeddable":true,"href":"https:\/\/www.xn--360grad-rundgnge-7nb.de\/business-view\/wp-json\/wp\/v2\/users\/1"}],"replies":[{"embeddable":true,"href":"https:\/\/www.xn--360grad-rundgnge-7nb.de\/business-view\/wp-json\/wp\/v2\/comments?post=5"}],"version-history":[{"count":2,"href":"https:\/\/www.xn--360grad-rundgnge-7nb.de\/business-view\/wp-json\/wp\/v2\/pages\/5\/revisions"}],"predecessor-version":[{"id":21,"href":"https:\/\/www.xn--360grad-rundgnge-7nb.de\/business-view\/wp-json\/wp\/v2\/pages\/5\/revisions\/21"}],"wp:attachment":[{"href":"https:\/\/www.xn--360grad-rundgnge-7nb.de\/business-view\/wp-json\/wp\/v2\/media?parent=5"}],"curies":[{"name":"wp","href":"https:\/\/api.w.org\/{rel}","templated":true}]}}