{"id":45,"date":"2015-03-17T11:40:33","date_gmt":"2015-03-17T10:40:33","guid":{"rendered":"http:\/\/www.xn--360grad-rundgnge-7nb.de\/business-view\/?page_id=45"},"modified":"2017-01-11T10:25:52","modified_gmt":"2017-01-11T09:25:52","slug":"preise","status":"publish","type":"page","link":"https:\/\/www.xn--360grad-rundgnge-7nb.de\/business-view\/preise\/","title":{"rendered":"Preise"},"content":{"rendered":"<p>Der Preis f\u00fcr eine virtuelle Tour richtet sich nach<br \/>\nder Anzahl der erforderlichen 360 Grad-Panoramaaufnahmen bzw. der Raumgr\u00f6\u00dfe.<br \/>\nDie Preislisten sollen eine Orientierung darstellen, ein verbindlicher Preis kann auch vor Ort besprochen werden.<\/p>\n<p><a href=\"http:\/\/www.xn--360grad-rundgnge-7nb.de\/business-view\/wp-content\/uploads\/2015\/03\/street-view-trusted.pdf\">Preisliste:  Street View|Trusted<\/a><br \/>\n<a href=\"http:\/\/www.xn--360grad-rundgnge-7nb.de\/business-view\/wp-content\/uploads\/2015\/03\/Hotel-street-view-trusted.pdf\">Preisliste:  Street View|Trusted f\u00fcr Hotels<\/a><br \/>\n<a href=\"http:\/\/www.xn--360grad-rundgnge-7nb.de\/business-view\/wp-content\/uploads\/2015\/03\/virtuelle-Tour.pdf\">Preisliste: Virtuelle Tour &#8211; Immobilien und Wohnungen<\/a><\/p>\n","protected":false},"excerpt":{"rendered":"<p>Der Preis f\u00fcr eine virtuelle Tour richtet sich nach der Anzahl der erforderlichen 360 Grad-Panoramaaufnahmen bzw. der Raumgr\u00f6\u00dfe. Die Preislisten sollen eine Orientierung darstellen, ein verbindlicher Preis kann auch vor Ort besprochen werden. Preisliste: Street View|Trusted Preisliste: Street View|Trusted f\u00fcr Hotels Preisliste: Virtuelle Tour &#8211; Immobilien und Wohnungen <a class=\"continue-reading-link\" href=\"https:\/\/www.xn--360grad-rundgnge-7nb.de\/business-view\/preise\/\"> Continue reading<\/a><\/p>\n","protected":false},"author":1,"featured_media":0,"parent":0,"menu_order":0,"comment_status":"closed","ping_status":"closed","template":"","meta":[],"yoast_head":"<!-- This site is optimized with the Yoast SEO plugin v20.1 - https:\/\/yoast.com\/wordpress\/plugins\/seo\/ -->\n<title>Preise - Fotostudio-Ender Oranienbaum-W\u00f6rlitz<\/title>\n<meta name=\"robots\" content=\"index, follow, max-snippet:-1, max-image-preview:large, max-video-preview:-1\" \/>\n<link rel=\"canonical\" href=\"https:\/\/www.xn--360grad-rundgnge-7nb.de\/business-view\/preise\/\" \/>\n<meta property=\"og:locale\" content=\"de_DE\" \/>\n<meta property=\"og:type\" content=\"article\" \/>\n<meta property=\"og:title\" content=\"Preise - Fotostudio-Ender Oranienbaum-W\u00f6rlitz\" \/>\n<meta property=\"og:description\" content=\"Der Preis f\u00fcr eine virtuelle Tour richtet sich nach der Anzahl der erforderlichen 360 Grad-Panoramaaufnahmen bzw. der Raumgr\u00f6\u00dfe. Die Preislisten sollen eine Orientierung darstellen, ein verbindlicher Preis kann auch vor Ort besprochen werden. Preisliste: Street View|Trusted Preisliste: Street View|Trusted f\u00fcr Hotels Preisliste: Virtuelle Tour &#8211; Immobilien und Wohnungen Continue reading\" \/>\n<meta property=\"og:url\" content=\"https:\/\/www.xn--360grad-rundgnge-7nb.de\/business-view\/preise\/\" \/>\n<meta property=\"og:site_name\" content=\"Fotostudio-Ender Oranienbaum-W\u00f6rlitz\" \/>\n<meta property=\"article:publisher\" content=\"https:\/\/www.facebook.com\/Fotostudio-Ender-102313379966715\/\" \/>\n<meta property=\"article:modified_time\" content=\"2017-01-11T09:25:52+00:00\" \/>\n<meta name=\"twitter:card\" content=\"summary_large_image\" \/>\n<script type=\"application\/ld+json\" class=\"yoast-schema-graph\">{\"@context\":\"https:\/\/schema.org\",\"@graph\":[{\"@type\":\"WebPage\",\"@id\":\"https:\/\/www.xn--360grad-rundgnge-7nb.de\/business-view\/preise\/\",\"url\":\"https:\/\/www.xn--360grad-rundgnge-7nb.de\/business-view\/preise\/\",\"name\":\"Preise - Fotostudio-Ender Oranienbaum-W\u00f6rlitz\",\"isPartOf\":{\"@id\":\"https:\/\/www.xn--360grad-rundgnge-7nb.de\/business-view\/#website\"},\"datePublished\":\"2015-03-17T10:40:33+00:00\",\"dateModified\":\"2017-01-11T09:25:52+00:00\",\"breadcrumb\":{\"@id\":\"https:\/\/www.xn--360grad-rundgnge-7nb.de\/business-view\/preise\/#breadcrumb\"},\"inLanguage\":\"de\",\"potentialAction\":[{\"@type\":\"ReadAction\",\"target\":[\"https:\/\/www.xn--360grad-rundgnge-7nb.de\/business-view\/preise\/\"]}]},{\"@type\":\"BreadcrumbList\",\"@id\":\"https:\/\/www.xn--360grad-rundgnge-7nb.de\/business-view\/preise\/#breadcrumb\",\"itemListElement\":[{\"@type\":\"ListItem\",\"position\":1,\"name\":\"Startseite\",\"item\":\"https:\/\/www.xn--360grad-rundgnge-7nb.de\/business-view\/\"},{\"@type\":\"ListItem\",\"position\":2,\"name\":\"Preise\"}]},{\"@type\":\"WebSite\",\"@id\":\"https:\/\/www.xn--360grad-rundgnge-7nb.de\/business-view\/#website\",\"url\":\"https:\/\/www.xn--360grad-rundgnge-7nb.de\/business-view\/\",\"name\":\"Fotostudio-Ender Oranienbaum-W\u00f6rlitz\",\"description\":\"Berthold Ender - zertifizierter  Google Street View|Trusted  Fotograf\",\"potentialAction\":[{\"@type\":\"SearchAction\",\"target\":{\"@type\":\"EntryPoint\",\"urlTemplate\":\"https:\/\/www.xn--360grad-rundgnge-7nb.de\/business-view\/?s={search_term_string}\"},\"query-input\":\"required name=search_term_string\"}],\"inLanguage\":\"de\"}]}<\/script>\n<!-- \/ Yoast SEO plugin. -->","yoast_head_json":{"title":"Preise - Fotostudio-Ender Oranienbaum-W\u00f6rlitz","robots":{"index":"index","follow":"follow","max-snippet":"max-snippet:-1","max-image-preview":"max-image-preview:large","max-video-preview":"max-video-preview:-1"},"canonical":"https:\/\/www.xn--360grad-rundgnge-7nb.de\/business-view\/preise\/","og_locale":"de_DE","og_type":"article","og_title":"Preise - Fotostudio-Ender Oranienbaum-W\u00f6rlitz","og_description":"Der Preis f\u00fcr eine virtuelle Tour richtet sich nach der Anzahl der erforderlichen 360 Grad-Panoramaaufnahmen bzw. der Raumgr\u00f6\u00dfe. Die Preislisten sollen eine Orientierung darstellen, ein verbindlicher Preis kann auch vor Ort besprochen werden. Preisliste: Street View|Trusted Preisliste: Street View|Trusted f\u00fcr Hotels Preisliste: Virtuelle Tour &#8211; Immobilien und Wohnungen Continue reading","og_url":"https:\/\/www.xn--360grad-rundgnge-7nb.de\/business-view\/preise\/","og_site_name":"Fotostudio-Ender Oranienbaum-W\u00f6rlitz","article_publisher":"https:\/\/www.facebook.com\/Fotostudio-Ender-102313379966715\/","article_modified_time":"2017-01-11T09:25:52+00:00","twitter_card":"summary_large_image","schema":{"@context":"https:\/\/schema.org","@graph":[{"@type":"WebPage","@id":"https:\/\/www.xn--360grad-rundgnge-7nb.de\/business-view\/preise\/","url":"https:\/\/www.xn--360grad-rundgnge-7nb.de\/business-view\/preise\/","name":"Preise - Fotostudio-Ender Oranienbaum-W\u00f6rlitz","isPartOf":{"@id":"https:\/\/www.xn--360grad-rundgnge-7nb.de\/business-view\/#website"},"datePublished":"2015-03-17T10:40:33+00:00","dateModified":"2017-01-11T09:25:52+00:00","breadcrumb":{"@id":"https:\/\/www.xn--360grad-rundgnge-7nb.de\/business-view\/preise\/#breadcrumb"},"inLanguage":"de","potentialAction":[{"@type":"ReadAction","target":["https:\/\/www.xn--360grad-rundgnge-7nb.de\/business-view\/preise\/"]}]},{"@type":"BreadcrumbList","@id":"https:\/\/www.xn--360grad-rundgnge-7nb.de\/business-view\/preise\/#breadcrumb","itemListElement":[{"@type":"ListItem","position":1,"name":"Startseite","item":"https:\/\/www.xn--360grad-rundgnge-7nb.de\/business-view\/"},{"@type":"ListItem","position":2,"name":"Preise"}]},{"@type":"WebSite","@id":"https:\/\/www.xn--360grad-rundgnge-7nb.de\/business-view\/#website","url":"https:\/\/www.xn--360grad-rundgnge-7nb.de\/business-view\/","name":"Fotostudio-Ender Oranienbaum-W\u00f6rlitz","description":"Berthold Ender - zertifizierter  Google Street View|Trusted  Fotograf","potentialAction":[{"@type":"SearchAction","target":{"@type":"EntryPoint","urlTemplate":"https:\/\/www.xn--360grad-rundgnge-7nb.de\/business-view\/?s={search_term_string}"},"query-input":"required name=search_term_string"}],"inLanguage":"de"}]}},"_links":{"self":[{"href":"https:\/\/www.xn--360grad-rundgnge-7nb.de\/business-view\/wp-json\/wp\/v2\/pages\/45"}],"collection":[{"href":"https:\/\/www.xn--360grad-rundgnge-7nb.de\/business-view\/wp-json\/wp\/v2\/pages"}],"about":[{"href":"https:\/\/www.xn--360grad-rundgnge-7nb.de\/business-view\/wp-json\/wp\/v2\/types\/page"}],"author":[{"embeddable":true,"href":"https:\/\/www.xn--360grad-rundgnge-7nb.de\/business-view\/wp-json\/wp\/v2\/users\/1"}],"replies":[{"embeddable":true,"href":"https:\/\/www.xn--360grad-rundgnge-7nb.de\/business-view\/wp-json\/wp\/v2\/comments?post=45"}],"version-history":[{"count":31,"href":"https:\/\/www.xn--360grad-rundgnge-7nb.de\/business-view\/wp-json\/wp\/v2\/pages\/45\/revisions"}],"predecessor-version":[{"id":494,"href":"https:\/\/www.xn--360grad-rundgnge-7nb.de\/business-view\/wp-json\/wp\/v2\/pages\/45\/revisions\/494"}],"wp:attachment":[{"href":"https:\/\/www.xn--360grad-rundgnge-7nb.de\/business-view\/wp-json\/wp\/v2\/media?parent=45"}],"curies":[{"name":"wp","href":"https:\/\/api.w.org\/{rel}","templated":true}]}}