{"id":159,"date":"2015-05-12T16:18:46","date_gmt":"2015-05-12T14:18:46","guid":{"rendered":"http:\/\/www.xn--360grad-rundgnge-7nb.de\/business-view\/?page_id=159"},"modified":"2017-01-21T15:49:08","modified_gmt":"2017-01-21T14:49:08","slug":"hotel-7-saeulen-poi-bilder","status":"publish","type":"page","link":"https:\/\/www.xn--360grad-rundgnge-7nb.de\/business-view\/hotel-7-saeulen-poi-bilder\/","title":{"rendered":"Hotel 7 S\u00e4ulen POI-Bilder"},"content":{"rendered":"<p>Hotel 7 S\u00e4ulen in Dessau in der Ebertallee 66 direkt gegen\u00fcber der Meisterh\u00e4user<\/p>\n<div id=\"attachment_160\" style=\"width: 310px\" class=\"wp-caption alignleft\"><img aria-describedby=\"caption-attachment-160\" decoding=\"async\" loading=\"lazy\" class=\"size-medium wp-image-160\" src=\"http:\/\/www.xn--360grad-rundgnge-7nb.de\/business-view\/wp-content\/uploads\/2015\/05\/IMG_5765-300x200.jpg\" alt=\"Hotel 7 S\u00e4ulen\" width=\"300\" height=\"200\" srcset=\"https:\/\/www.xn--360grad-rundgnge-7nb.de\/business-view\/wp-content\/uploads\/2015\/05\/IMG_5765-300x200.jpg 300w, https:\/\/www.xn--360grad-rundgnge-7nb.de\/business-view\/wp-content\/uploads\/2015\/05\/IMG_5765-1024x683.jpg 1024w, https:\/\/www.xn--360grad-rundgnge-7nb.de\/business-view\/wp-content\/uploads\/2015\/05\/IMG_5765-225x150.jpg 225w, https:\/\/www.xn--360grad-rundgnge-7nb.de\/business-view\/wp-content\/uploads\/2015\/05\/IMG_5765-150x100.jpg 150w, https:\/\/www.xn--360grad-rundgnge-7nb.de\/business-view\/wp-content\/uploads\/2015\/05\/IMG_5765-900x600.jpg 900w, https:\/\/www.xn--360grad-rundgnge-7nb.de\/business-view\/wp-content\/uploads\/2015\/05\/IMG_5765.jpg 1702w\" sizes=\"(max-width: 300px) 100vw, 300px\" \/><p id=\"caption-attachment-160\" class=\"wp-caption-text\">Hotel 7 S\u00e4ulen<\/p><\/div>\n<div id=\"attachment_153\" style=\"width: 310px\" class=\"wp-caption alignleft\"><img aria-describedby=\"caption-attachment-153\" decoding=\"async\" loading=\"lazy\" class=\"size-medium wp-image-153\" src=\"http:\/\/www.xn--360grad-rundgnge-7nb.de\/business-view\/wp-content\/uploads\/2015\/05\/IMG_5798-300x200.jpg\" alt=\"Hotel 7 S\u00e4ulen\" width=\"300\" height=\"200\" srcset=\"https:\/\/www.xn--360grad-rundgnge-7nb.de\/business-view\/wp-content\/uploads\/2015\/05\/IMG_5798-300x200.jpg 300w, https:\/\/www.xn--360grad-rundgnge-7nb.de\/business-view\/wp-content\/uploads\/2015\/05\/IMG_5798-1024x683.jpg 1024w, https:\/\/www.xn--360grad-rundgnge-7nb.de\/business-view\/wp-content\/uploads\/2015\/05\/IMG_5798-225x150.jpg 225w, https:\/\/www.xn--360grad-rundgnge-7nb.de\/business-view\/wp-content\/uploads\/2015\/05\/IMG_5798-150x100.jpg 150w, https:\/\/www.xn--360grad-rundgnge-7nb.de\/business-view\/wp-content\/uploads\/2015\/05\/IMG_5798-900x600.jpg 900w, https:\/\/www.xn--360grad-rundgnge-7nb.de\/business-view\/wp-content\/uploads\/2015\/05\/IMG_5798.jpg 1776w\" sizes=\"(max-width: 300px) 100vw, 300px\" \/><p id=\"caption-attachment-153\" class=\"wp-caption-text\">Hotel 7 S\u00e4ulen<\/p><\/div>\n<div id=\"attachment_149\" style=\"width: 310px\" class=\"wp-caption alignleft\"><img aria-describedby=\"caption-attachment-149\" decoding=\"async\" loading=\"lazy\" class=\"size-medium wp-image-149\" src=\"http:\/\/www.xn--360grad-rundgnge-7nb.de\/business-view\/wp-content\/uploads\/2015\/05\/IMG_5708-300x200.jpg\" alt=\"Hotel 7 S\u00e4ulen Rezeption\" width=\"300\" height=\"200\" srcset=\"https:\/\/www.xn--360grad-rundgnge-7nb.de\/business-view\/wp-content\/uploads\/2015\/05\/IMG_5708-300x200.jpg 300w, https:\/\/www.xn--360grad-rundgnge-7nb.de\/business-view\/wp-content\/uploads\/2015\/05\/IMG_5708-1024x682.jpg 1024w, https:\/\/www.xn--360grad-rundgnge-7nb.de\/business-view\/wp-content\/uploads\/2015\/05\/IMG_5708-225x150.jpg 225w, https:\/\/www.xn--360grad-rundgnge-7nb.de\/business-view\/wp-content\/uploads\/2015\/05\/IMG_5708-150x100.jpg 150w, https:\/\/www.xn--360grad-rundgnge-7nb.de\/business-view\/wp-content\/uploads\/2015\/05\/IMG_5708-900x600.jpg 900w, https:\/\/www.xn--360grad-rundgnge-7nb.de\/business-view\/wp-content\/uploads\/2015\/05\/IMG_5708.jpg 1772w\" sizes=\"(max-width: 300px) 100vw, 300px\" \/><p id=\"caption-attachment-149\" class=\"wp-caption-text\">Hotel 7 S\u00e4ulen Rezeption<\/p><\/div>\n<div id=\"attachment_148\" style=\"width: 310px\" class=\"wp-caption alignleft\"><img aria-describedby=\"caption-attachment-148\" decoding=\"async\" loading=\"lazy\" class=\"size-medium wp-image-148\" src=\"http:\/\/www.xn--360grad-rundgnge-7nb.de\/business-view\/wp-content\/uploads\/2015\/05\/IMG_5702-300x200.jpg\" alt=\"Hotel 7 S\u00e4ulen Rezeption\" width=\"300\" height=\"200\" srcset=\"https:\/\/www.xn--360grad-rundgnge-7nb.de\/business-view\/wp-content\/uploads\/2015\/05\/IMG_5702-300x200.jpg 300w, https:\/\/www.xn--360grad-rundgnge-7nb.de\/business-view\/wp-content\/uploads\/2015\/05\/IMG_5702-1024x683.jpg 1024w, https:\/\/www.xn--360grad-rundgnge-7nb.de\/business-view\/wp-content\/uploads\/2015\/05\/IMG_5702-225x150.jpg 225w, https:\/\/www.xn--360grad-rundgnge-7nb.de\/business-view\/wp-content\/uploads\/2015\/05\/IMG_5702-150x100.jpg 150w, https:\/\/www.xn--360grad-rundgnge-7nb.de\/business-view\/wp-content\/uploads\/2015\/05\/IMG_5702-900x600.jpg 900w, https:\/\/www.xn--360grad-rundgnge-7nb.de\/business-view\/wp-content\/uploads\/2015\/05\/IMG_5702.jpg 1804w\" sizes=\"(max-width: 300px) 100vw, 300px\" \/><p id=\"caption-attachment-148\" class=\"wp-caption-text\">Hotel 7 S\u00e4ulen Rezeption<\/p><\/div>\n<div id=\"attachment_146\" style=\"width: 310px\" class=\"wp-caption alignleft\"><img aria-describedby=\"caption-attachment-146\" decoding=\"async\" loading=\"lazy\" class=\"size-medium wp-image-146\" src=\"http:\/\/www.xn--360grad-rundgnge-7nb.de\/business-view\/wp-content\/uploads\/2015\/05\/IMG_5631-300x200.jpg\" alt=\"Hotel 7 S\u00e4ulen Fr\u00fchst\u00fccksraum\" width=\"300\" height=\"200\" srcset=\"https:\/\/www.xn--360grad-rundgnge-7nb.de\/business-view\/wp-content\/uploads\/2015\/05\/IMG_5631-300x200.jpg 300w, https:\/\/www.xn--360grad-rundgnge-7nb.de\/business-view\/wp-content\/uploads\/2015\/05\/IMG_5631-1024x682.jpg 1024w, https:\/\/www.xn--360grad-rundgnge-7nb.de\/business-view\/wp-content\/uploads\/2015\/05\/IMG_5631-225x150.jpg 225w, https:\/\/www.xn--360grad-rundgnge-7nb.de\/business-view\/wp-content\/uploads\/2015\/05\/IMG_5631-150x100.jpg 150w, https:\/\/www.xn--360grad-rundgnge-7nb.de\/business-view\/wp-content\/uploads\/2015\/05\/IMG_5631-900x600.jpg 900w, https:\/\/www.xn--360grad-rundgnge-7nb.de\/business-view\/wp-content\/uploads\/2015\/05\/IMG_5631.jpg 1826w\" sizes=\"(max-width: 300px) 100vw, 300px\" \/><p id=\"caption-attachment-146\" class=\"wp-caption-text\">Hotel 7 S\u00e4ulen Fr\u00fchst\u00fccksraum<\/p><\/div>\n<div id=\"attachment_145\" style=\"width: 310px\" class=\"wp-caption alignleft\"><img aria-describedby=\"caption-attachment-145\" decoding=\"async\" loading=\"lazy\" class=\"size-medium wp-image-145\" src=\"http:\/\/www.xn--360grad-rundgnge-7nb.de\/business-view\/wp-content\/uploads\/2015\/05\/IMG_5627-300x200.jpg\" alt=\"Hotel 7 S\u00e4ulen Fr\u00fchst\u00fccksraum\" width=\"300\" height=\"200\" srcset=\"https:\/\/www.xn--360grad-rundgnge-7nb.de\/business-view\/wp-content\/uploads\/2015\/05\/IMG_5627-300x200.jpg 300w, https:\/\/www.xn--360grad-rundgnge-7nb.de\/business-view\/wp-content\/uploads\/2015\/05\/IMG_5627-1024x683.jpg 1024w, https:\/\/www.xn--360grad-rundgnge-7nb.de\/business-view\/wp-content\/uploads\/2015\/05\/IMG_5627-225x150.jpg 225w, https:\/\/www.xn--360grad-rundgnge-7nb.de\/business-view\/wp-content\/uploads\/2015\/05\/IMG_5627-150x100.jpg 150w, https:\/\/www.xn--360grad-rundgnge-7nb.de\/business-view\/wp-content\/uploads\/2015\/05\/IMG_5627-900x600.jpg 900w, https:\/\/www.xn--360grad-rundgnge-7nb.de\/business-view\/wp-content\/uploads\/2015\/05\/IMG_5627.jpg 1749w\" sizes=\"(max-width: 300px) 100vw, 300px\" \/><p id=\"caption-attachment-145\" class=\"wp-caption-text\">Hotel 7 S\u00e4ulen Fr\u00fchst\u00fccksraum<\/p><\/div>\n<div id=\"attachment_144\" style=\"width: 310px\" class=\"wp-caption alignleft\"><img aria-describedby=\"caption-attachment-144\" decoding=\"async\" loading=\"lazy\" class=\"size-medium wp-image-144\" src=\"http:\/\/www.xn--360grad-rundgnge-7nb.de\/business-view\/wp-content\/uploads\/2015\/05\/IMG_5621-300x200.jpg\" alt=\"Hotel 7 S\u00e4ulen Fr\u00fchst\u00fccksraum\" width=\"300\" height=\"200\" srcset=\"https:\/\/www.xn--360grad-rundgnge-7nb.de\/business-view\/wp-content\/uploads\/2015\/05\/IMG_5621-300x200.jpg 300w, https:\/\/www.xn--360grad-rundgnge-7nb.de\/business-view\/wp-content\/uploads\/2015\/05\/IMG_5621-1024x682.jpg 1024w, https:\/\/www.xn--360grad-rundgnge-7nb.de\/business-view\/wp-content\/uploads\/2015\/05\/IMG_5621-225x150.jpg 225w, https:\/\/www.xn--360grad-rundgnge-7nb.de\/business-view\/wp-content\/uploads\/2015\/05\/IMG_5621-150x100.jpg 150w, https:\/\/www.xn--360grad-rundgnge-7nb.de\/business-view\/wp-content\/uploads\/2015\/05\/IMG_5621-900x600.jpg 900w, https:\/\/www.xn--360grad-rundgnge-7nb.de\/business-view\/wp-content\/uploads\/2015\/05\/IMG_5621.jpg 1826w\" sizes=\"(max-width: 300px) 100vw, 300px\" \/><p id=\"caption-attachment-144\" class=\"wp-caption-text\">Hotel 7 S\u00e4ulen Fr\u00fchst\u00fccksraum<\/p><\/div>\n<div id=\"attachment_147\" style=\"width: 310px\" class=\"wp-caption alignleft\"><img aria-describedby=\"caption-attachment-147\" decoding=\"async\" loading=\"lazy\" class=\"size-medium wp-image-147\" src=\"http:\/\/www.xn--360grad-rundgnge-7nb.de\/business-view\/wp-content\/uploads\/2015\/05\/IMG_5675-300x200.jpg\" alt=\"Hotel 7 S\u00e4ulen Fr\u00fchst\u00fccksraum\" width=\"300\" height=\"200\" srcset=\"https:\/\/www.xn--360grad-rundgnge-7nb.de\/business-view\/wp-content\/uploads\/2015\/05\/IMG_5675-300x200.jpg 300w, https:\/\/www.xn--360grad-rundgnge-7nb.de\/business-view\/wp-content\/uploads\/2015\/05\/IMG_5675-1024x682.jpg 1024w, https:\/\/www.xn--360grad-rundgnge-7nb.de\/business-view\/wp-content\/uploads\/2015\/05\/IMG_5675-225x150.jpg 225w, https:\/\/www.xn--360grad-rundgnge-7nb.de\/business-view\/wp-content\/uploads\/2015\/05\/IMG_5675-150x100.jpg 150w, https:\/\/www.xn--360grad-rundgnge-7nb.de\/business-view\/wp-content\/uploads\/2015\/05\/IMG_5675-900x600.jpg 900w, https:\/\/www.xn--360grad-rundgnge-7nb.de\/business-view\/wp-content\/uploads\/2015\/05\/IMG_5675.jpg 1802w\" sizes=\"(max-width: 300px) 100vw, 300px\" \/><p id=\"caption-attachment-147\" class=\"wp-caption-text\">Hotel 7 S\u00e4ulen Fr\u00fchst\u00fccksraum<\/p><\/div>\n<div id=\"attachment_140\" style=\"width: 310px\" class=\"wp-caption alignleft\"><img aria-describedby=\"caption-attachment-140\" decoding=\"async\" loading=\"lazy\" class=\"size-medium wp-image-140\" src=\"http:\/\/www.xn--360grad-rundgnge-7nb.de\/business-view\/wp-content\/uploads\/2015\/05\/IMG_5586-300x200.jpg\" alt=\"Hotel 7 S\u00e4ulen Komfortzimmer\" width=\"300\" height=\"200\" srcset=\"https:\/\/www.xn--360grad-rundgnge-7nb.de\/business-view\/wp-content\/uploads\/2015\/05\/IMG_5586-300x200.jpg 300w, https:\/\/www.xn--360grad-rundgnge-7nb.de\/business-view\/wp-content\/uploads\/2015\/05\/IMG_5586-1024x683.jpg 1024w, https:\/\/www.xn--360grad-rundgnge-7nb.de\/business-view\/wp-content\/uploads\/2015\/05\/IMG_5586-225x150.jpg 225w, https:\/\/www.xn--360grad-rundgnge-7nb.de\/business-view\/wp-content\/uploads\/2015\/05\/IMG_5586-150x100.jpg 150w, https:\/\/www.xn--360grad-rundgnge-7nb.de\/business-view\/wp-content\/uploads\/2015\/05\/IMG_5586-900x600.jpg 900w, https:\/\/www.xn--360grad-rundgnge-7nb.de\/business-view\/wp-content\/uploads\/2015\/05\/IMG_5586.jpg 1823w\" sizes=\"(max-width: 300px) 100vw, 300px\" \/><p id=\"caption-attachment-140\" class=\"wp-caption-text\">Hotel 7 S\u00e4ulen Komfortzimmer<\/p><\/div>\n<div id=\"attachment_141\" style=\"width: 310px\" class=\"wp-caption alignleft\"><img aria-describedby=\"caption-attachment-141\" decoding=\"async\" loading=\"lazy\" class=\"size-medium wp-image-141\" src=\"http:\/\/www.xn--360grad-rundgnge-7nb.de\/business-view\/wp-content\/uploads\/2015\/05\/IMG_5594-300x200.jpg\" alt=\"Hotel 7 S\u00e4ulen Komfortzimmer\" width=\"300\" height=\"200\" srcset=\"https:\/\/www.xn--360grad-rundgnge-7nb.de\/business-view\/wp-content\/uploads\/2015\/05\/IMG_5594-300x200.jpg 300w, https:\/\/www.xn--360grad-rundgnge-7nb.de\/business-view\/wp-content\/uploads\/2015\/05\/IMG_5594-1024x682.jpg 1024w, https:\/\/www.xn--360grad-rundgnge-7nb.de\/business-view\/wp-content\/uploads\/2015\/05\/IMG_5594-225x150.jpg 225w, https:\/\/www.xn--360grad-rundgnge-7nb.de\/business-view\/wp-content\/uploads\/2015\/05\/IMG_5594-150x100.jpg 150w, https:\/\/www.xn--360grad-rundgnge-7nb.de\/business-view\/wp-content\/uploads\/2015\/05\/IMG_5594-900x600.jpg 900w, https:\/\/www.xn--360grad-rundgnge-7nb.de\/business-view\/wp-content\/uploads\/2015\/05\/IMG_5594.jpg 1826w\" sizes=\"(max-width: 300px) 100vw, 300px\" \/><p id=\"caption-attachment-141\" class=\"wp-caption-text\">Hotel 7 S\u00e4ulen Komfortzimmer<\/p><\/div>\n<div id=\"attachment_142\" style=\"width: 310px\" class=\"wp-caption alignleft\"><img aria-describedby=\"caption-attachment-142\" decoding=\"async\" loading=\"lazy\" class=\"size-medium wp-image-142\" src=\"http:\/\/www.xn--360grad-rundgnge-7nb.de\/business-view\/wp-content\/uploads\/2015\/05\/IMG_5609-300x200.jpg\" alt=\"Hotel 7 S\u00e4ulen Komfortzimmer\" width=\"300\" height=\"200\" srcset=\"https:\/\/www.xn--360grad-rundgnge-7nb.de\/business-view\/wp-content\/uploads\/2015\/05\/IMG_5609-300x200.jpg 300w, https:\/\/www.xn--360grad-rundgnge-7nb.de\/business-view\/wp-content\/uploads\/2015\/05\/IMG_5609-1024x682.jpg 1024w, https:\/\/www.xn--360grad-rundgnge-7nb.de\/business-view\/wp-content\/uploads\/2015\/05\/IMG_5609-225x150.jpg 225w, https:\/\/www.xn--360grad-rundgnge-7nb.de\/business-view\/wp-content\/uploads\/2015\/05\/IMG_5609-150x100.jpg 150w, https:\/\/www.xn--360grad-rundgnge-7nb.de\/business-view\/wp-content\/uploads\/2015\/05\/IMG_5609-900x600.jpg 900w, https:\/\/www.xn--360grad-rundgnge-7nb.de\/business-view\/wp-content\/uploads\/2015\/05\/IMG_5609.jpg 1796w\" sizes=\"(max-width: 300px) 100vw, 300px\" \/><p id=\"caption-attachment-142\" class=\"wp-caption-text\">Hotel 7 S\u00e4ulen Komfortzimmer<\/p><\/div>\n<div id=\"attachment_143\" style=\"width: 310px\" class=\"wp-caption alignleft\"><img aria-describedby=\"caption-attachment-143\" decoding=\"async\" loading=\"lazy\" class=\"size-medium wp-image-143\" src=\"http:\/\/www.xn--360grad-rundgnge-7nb.de\/business-view\/wp-content\/uploads\/2015\/05\/IMG_5620-300x200.jpg\" alt=\"Hotel 7 S\u00e4ulen Komfortzimmer\" width=\"300\" height=\"200\" srcset=\"https:\/\/www.xn--360grad-rundgnge-7nb.de\/business-view\/wp-content\/uploads\/2015\/05\/IMG_5620-300x200.jpg 300w, https:\/\/www.xn--360grad-rundgnge-7nb.de\/business-view\/wp-content\/uploads\/2015\/05\/IMG_5620-1024x682.jpg 1024w, https:\/\/www.xn--360grad-rundgnge-7nb.de\/business-view\/wp-content\/uploads\/2015\/05\/IMG_5620-225x150.jpg 225w, https:\/\/www.xn--360grad-rundgnge-7nb.de\/business-view\/wp-content\/uploads\/2015\/05\/IMG_5620-150x100.jpg 150w, https:\/\/www.xn--360grad-rundgnge-7nb.de\/business-view\/wp-content\/uploads\/2015\/05\/IMG_5620-900x600.jpg 900w, https:\/\/www.xn--360grad-rundgnge-7nb.de\/business-view\/wp-content\/uploads\/2015\/05\/IMG_5620.jpg 1738w\" sizes=\"(max-width: 300px) 100vw, 300px\" \/><p id=\"caption-attachment-143\" class=\"wp-caption-text\">Hotel 7 S\u00e4ulen Komfortzimmer<\/p><\/div>\n<div id=\"attachment_150\" style=\"width: 310px\" class=\"wp-caption alignleft\"><img aria-describedby=\"caption-attachment-150\" decoding=\"async\" loading=\"lazy\" class=\"size-medium wp-image-150\" src=\"http:\/\/www.xn--360grad-rundgnge-7nb.de\/business-view\/wp-content\/uploads\/2015\/05\/IMG_5714-300x200.jpg\" alt=\"Hotel 7 S\u00e4ulen Standardzimmer\" width=\"300\" height=\"200\" srcset=\"https:\/\/www.xn--360grad-rundgnge-7nb.de\/business-view\/wp-content\/uploads\/2015\/05\/IMG_5714-300x200.jpg 300w, https:\/\/www.xn--360grad-rundgnge-7nb.de\/business-view\/wp-content\/uploads\/2015\/05\/IMG_5714-1024x682.jpg 1024w, https:\/\/www.xn--360grad-rundgnge-7nb.de\/business-view\/wp-content\/uploads\/2015\/05\/IMG_5714-225x150.jpg 225w, https:\/\/www.xn--360grad-rundgnge-7nb.de\/business-view\/wp-content\/uploads\/2015\/05\/IMG_5714-150x100.jpg 150w, https:\/\/www.xn--360grad-rundgnge-7nb.de\/business-view\/wp-content\/uploads\/2015\/05\/IMG_5714-900x600.jpg 900w, https:\/\/www.xn--360grad-rundgnge-7nb.de\/business-view\/wp-content\/uploads\/2015\/05\/IMG_5714.jpg 1826w\" sizes=\"(max-width: 300px) 100vw, 300px\" \/><p id=\"caption-attachment-150\" class=\"wp-caption-text\">Hotel 7 S\u00e4ulen Standardzimmer<\/p><\/div>\n<div id=\"attachment_151\" style=\"width: 310px\" class=\"wp-caption alignleft\"><img aria-describedby=\"caption-attachment-151\" decoding=\"async\" loading=\"lazy\" class=\"size-medium wp-image-151\" src=\"http:\/\/www.xn--360grad-rundgnge-7nb.de\/business-view\/wp-content\/uploads\/2015\/05\/IMG_5742-300x200.jpg\" alt=\"Hotel 7 S\u00e4ulen Standardzimmer\" width=\"300\" height=\"200\" srcset=\"https:\/\/www.xn--360grad-rundgnge-7nb.de\/business-view\/wp-content\/uploads\/2015\/05\/IMG_5742-300x200.jpg 300w, https:\/\/www.xn--360grad-rundgnge-7nb.de\/business-view\/wp-content\/uploads\/2015\/05\/IMG_5742-1024x682.jpg 1024w, https:\/\/www.xn--360grad-rundgnge-7nb.de\/business-view\/wp-content\/uploads\/2015\/05\/IMG_5742-225x150.jpg 225w, https:\/\/www.xn--360grad-rundgnge-7nb.de\/business-view\/wp-content\/uploads\/2015\/05\/IMG_5742-150x100.jpg 150w, https:\/\/www.xn--360grad-rundgnge-7nb.de\/business-view\/wp-content\/uploads\/2015\/05\/IMG_5742-900x600.jpg 900w, https:\/\/www.xn--360grad-rundgnge-7nb.de\/business-view\/wp-content\/uploads\/2015\/05\/IMG_5742.jpg 1826w\" sizes=\"(max-width: 300px) 100vw, 300px\" \/><p id=\"caption-attachment-151\" class=\"wp-caption-text\">Hotel 7 S\u00e4ulen Standardzimmer<\/p><\/div>\n","protected":false},"excerpt":{"rendered":"<p>Hotel 7 S\u00e4ulen in Dessau in der Ebertallee 66 direkt gegen\u00fcber der Meisterh\u00e4user <a class=\"continue-reading-link\" href=\"https:\/\/www.xn--360grad-rundgnge-7nb.de\/business-view\/hotel-7-saeulen-poi-bilder\/\"> Continue reading<\/a><\/p>\n","protected":false},"author":1,"featured_media":0,"parent":0,"menu_order":0,"comment_status":"closed","ping_status":"closed","template":"","meta":[],"yoast_head":"<!-- This site is optimized with the Yoast SEO plugin v20.1 - https:\/\/yoast.com\/wordpress\/plugins\/seo\/ -->\n<title>Hotel 7 S\u00e4ulen POI-Bilder - Fotostudio-Ender Oranienbaum-W\u00f6rlitz<\/title>\n<meta name=\"description\" content=\"Hotel 7 S\u00e4ulen in Dessau in der Ebertallee 66 direkt gegen\u00fcber der Meisterh\u00e4user\" \/>\n<meta name=\"robots\" content=\"index, follow, max-snippet:-1, max-image-preview:large, max-video-preview:-1\" \/>\n<link rel=\"canonical\" href=\"https:\/\/www.xn--360grad-rundgnge-7nb.de\/business-view\/hotel-7-saeulen-poi-bilder\/\" \/>\n<meta property=\"og:locale\" content=\"de_DE\" \/>\n<meta property=\"og:type\" content=\"article\" \/>\n<meta property=\"og:title\" content=\"Hotel 7 S\u00e4ulen POI-Bilder - Fotostudio-Ender Oranienbaum-W\u00f6rlitz\" \/>\n<meta property=\"og:description\" content=\"Hotel 7 S\u00e4ulen in Dessau in der Ebertallee 66 direkt gegen\u00fcber der Meisterh\u00e4user\" \/>\n<meta property=\"og:url\" content=\"https:\/\/www.xn--360grad-rundgnge-7nb.de\/business-view\/hotel-7-saeulen-poi-bilder\/\" \/>\n<meta property=\"og:site_name\" content=\"Fotostudio-Ender Oranienbaum-W\u00f6rlitz\" \/>\n<meta property=\"article:publisher\" content=\"https:\/\/www.facebook.com\/Fotostudio-Ender-102313379966715\/\" \/>\n<meta property=\"article:modified_time\" content=\"2017-01-21T14:49:08+00:00\" \/>\n<meta property=\"og:image\" content=\"http:\/\/www.xn--360grad-rundgnge-7nb.de\/business-view\/wp-content\/uploads\/2015\/05\/IMG_5765-300x200.jpg\" \/>\n<meta name=\"twitter:card\" content=\"summary_large_image\" \/>\n<meta name=\"twitter:label1\" content=\"Gesch\u00e4tzte Lesezeit\" \/>\n\t<meta name=\"twitter:data1\" content=\"1\u00a0Minute\" \/>\n<script type=\"application\/ld+json\" class=\"yoast-schema-graph\">{\"@context\":\"https:\/\/schema.org\",\"@graph\":[{\"@type\":\"WebPage\",\"@id\":\"https:\/\/www.xn--360grad-rundgnge-7nb.de\/business-view\/hotel-7-saeulen-poi-bilder\/\",\"url\":\"https:\/\/www.xn--360grad-rundgnge-7nb.de\/business-view\/hotel-7-saeulen-poi-bilder\/\",\"name\":\"Hotel 7 S\u00e4ulen POI-Bilder - Fotostudio-Ender Oranienbaum-W\u00f6rlitz\",\"isPartOf\":{\"@id\":\"https:\/\/www.xn--360grad-rundgnge-7nb.de\/business-view\/#website\"},\"datePublished\":\"2015-05-12T14:18:46+00:00\",\"dateModified\":\"2017-01-21T14:49:08+00:00\",\"description\":\"Hotel 7 S\u00e4ulen in Dessau in der Ebertallee 66 direkt gegen\u00fcber der Meisterh\u00e4user\",\"breadcrumb\":{\"@id\":\"https:\/\/www.xn--360grad-rundgnge-7nb.de\/business-view\/hotel-7-saeulen-poi-bilder\/#breadcrumb\"},\"inLanguage\":\"de\",\"potentialAction\":[{\"@type\":\"ReadAction\",\"target\":[\"https:\/\/www.xn--360grad-rundgnge-7nb.de\/business-view\/hotel-7-saeulen-poi-bilder\/\"]}]},{\"@type\":\"BreadcrumbList\",\"@id\":\"https:\/\/www.xn--360grad-rundgnge-7nb.de\/business-view\/hotel-7-saeulen-poi-bilder\/#breadcrumb\",\"itemListElement\":[{\"@type\":\"ListItem\",\"position\":1,\"name\":\"Startseite\",\"item\":\"https:\/\/www.xn--360grad-rundgnge-7nb.de\/business-view\/\"},{\"@type\":\"ListItem\",\"position\":2,\"name\":\"Hotel 7 S\u00e4ulen POI-Bilder\"}]},{\"@type\":\"WebSite\",\"@id\":\"https:\/\/www.xn--360grad-rundgnge-7nb.de\/business-view\/#website\",\"url\":\"https:\/\/www.xn--360grad-rundgnge-7nb.de\/business-view\/\",\"name\":\"Fotostudio-Ender Oranienbaum-W\u00f6rlitz\",\"description\":\"Berthold Ender - zertifizierter  Google Street View|Trusted  Fotograf\",\"potentialAction\":[{\"@type\":\"SearchAction\",\"target\":{\"@type\":\"EntryPoint\",\"urlTemplate\":\"https:\/\/www.xn--360grad-rundgnge-7nb.de\/business-view\/?s={search_term_string}\"},\"query-input\":\"required name=search_term_string\"}],\"inLanguage\":\"de\"}]}<\/script>\n<!-- \/ Yoast SEO plugin. -->","yoast_head_json":{"title":"Hotel 7 S\u00e4ulen POI-Bilder - Fotostudio-Ender Oranienbaum-W\u00f6rlitz","description":"Hotel 7 S\u00e4ulen in Dessau in der Ebertallee 66 direkt gegen\u00fcber der Meisterh\u00e4user","robots":{"index":"index","follow":"follow","max-snippet":"max-snippet:-1","max-image-preview":"max-image-preview:large","max-video-preview":"max-video-preview:-1"},"canonical":"https:\/\/www.xn--360grad-rundgnge-7nb.de\/business-view\/hotel-7-saeulen-poi-bilder\/","og_locale":"de_DE","og_type":"article","og_title":"Hotel 7 S\u00e4ulen POI-Bilder - Fotostudio-Ender Oranienbaum-W\u00f6rlitz","og_description":"Hotel 7 S\u00e4ulen in Dessau in der Ebertallee 66 direkt gegen\u00fcber der Meisterh\u00e4user","og_url":"https:\/\/www.xn--360grad-rundgnge-7nb.de\/business-view\/hotel-7-saeulen-poi-bilder\/","og_site_name":"Fotostudio-Ender Oranienbaum-W\u00f6rlitz","article_publisher":"https:\/\/www.facebook.com\/Fotostudio-Ender-102313379966715\/","article_modified_time":"2017-01-21T14:49:08+00:00","og_image":[{"url":"http:\/\/www.xn--360grad-rundgnge-7nb.de\/business-view\/wp-content\/uploads\/2015\/05\/IMG_5765-300x200.jpg"}],"twitter_card":"summary_large_image","twitter_misc":{"Gesch\u00e4tzte Lesezeit":"1\u00a0Minute"},"schema":{"@context":"https:\/\/schema.org","@graph":[{"@type":"WebPage","@id":"https:\/\/www.xn--360grad-rundgnge-7nb.de\/business-view\/hotel-7-saeulen-poi-bilder\/","url":"https:\/\/www.xn--360grad-rundgnge-7nb.de\/business-view\/hotel-7-saeulen-poi-bilder\/","name":"Hotel 7 S\u00e4ulen POI-Bilder - Fotostudio-Ender Oranienbaum-W\u00f6rlitz","isPartOf":{"@id":"https:\/\/www.xn--360grad-rundgnge-7nb.de\/business-view\/#website"},"datePublished":"2015-05-12T14:18:46+00:00","dateModified":"2017-01-21T14:49:08+00:00","description":"Hotel 7 S\u00e4ulen in Dessau in der Ebertallee 66 direkt gegen\u00fcber der Meisterh\u00e4user","breadcrumb":{"@id":"https:\/\/www.xn--360grad-rundgnge-7nb.de\/business-view\/hotel-7-saeulen-poi-bilder\/#breadcrumb"},"inLanguage":"de","potentialAction":[{"@type":"ReadAction","target":["https:\/\/www.xn--360grad-rundgnge-7nb.de\/business-view\/hotel-7-saeulen-poi-bilder\/"]}]},{"@type":"BreadcrumbList","@id":"https:\/\/www.xn--360grad-rundgnge-7nb.de\/business-view\/hotel-7-saeulen-poi-bilder\/#breadcrumb","itemListElement":[{"@type":"ListItem","position":1,"name":"Startseite","item":"https:\/\/www.xn--360grad-rundgnge-7nb.de\/business-view\/"},{"@type":"ListItem","position":2,"name":"Hotel 7 S\u00e4ulen POI-Bilder"}]},{"@type":"WebSite","@id":"https:\/\/www.xn--360grad-rundgnge-7nb.de\/business-view\/#website","url":"https:\/\/www.xn--360grad-rundgnge-7nb.de\/business-view\/","name":"Fotostudio-Ender Oranienbaum-W\u00f6rlitz","description":"Berthold Ender - zertifizierter  Google Street View|Trusted  Fotograf","potentialAction":[{"@type":"SearchAction","target":{"@type":"EntryPoint","urlTemplate":"https:\/\/www.xn--360grad-rundgnge-7nb.de\/business-view\/?s={search_term_string}"},"query-input":"required name=search_term_string"}],"inLanguage":"de"}]}},"_links":{"self":[{"href":"https:\/\/www.xn--360grad-rundgnge-7nb.de\/business-view\/wp-json\/wp\/v2\/pages\/159"}],"collection":[{"href":"https:\/\/www.xn--360grad-rundgnge-7nb.de\/business-view\/wp-json\/wp\/v2\/pages"}],"about":[{"href":"https:\/\/www.xn--360grad-rundgnge-7nb.de\/business-view\/wp-json\/wp\/v2\/types\/page"}],"author":[{"embeddable":true,"href":"https:\/\/www.xn--360grad-rundgnge-7nb.de\/business-view\/wp-json\/wp\/v2\/users\/1"}],"replies":[{"embeddable":true,"href":"https:\/\/www.xn--360grad-rundgnge-7nb.de\/business-view\/wp-json\/wp\/v2\/comments?post=159"}],"version-history":[{"count":2,"href":"https:\/\/www.xn--360grad-rundgnge-7nb.de\/business-view\/wp-json\/wp\/v2\/pages\/159\/revisions"}],"predecessor-version":[{"id":390,"href":"https:\/\/www.xn--360grad-rundgnge-7nb.de\/business-view\/wp-json\/wp\/v2\/pages\/159\/revisions\/390"}],"wp:attachment":[{"href":"https:\/\/www.xn--360grad-rundgnge-7nb.de\/business-view\/wp-json\/wp\/v2\/media?parent=159"}],"curies":[{"name":"wp","href":"https:\/\/api.w.org\/{rel}","templated":true}]}}